{"id":288,"date":"2021-06-08T10:39:10","date_gmt":"2021-06-08T08:39:10","guid":{"rendered":"http:\/\/birrificiobirdo.com\/?page_id=288"},"modified":"2023-01-11T11:00:01","modified_gmt":"2023-01-11T10:00:01","slug":"birreria","status":"publish","type":"page","link":"https:\/\/birrificiobirdo.com\/index.php\/birreria\/","title":{"rendered":"Birreria"},"content":{"rendered":"<div id='full_slider_1'  class='avia-fullwidth-slider main_color avia-shadow   avia-builder-el-0  el_before_av_section  avia-builder-el-first   container_wrap sidebar_right' style=' '  ><div   data-size='featured_large'  data-lightbox_size='large'  data-animation='slide'  data-conditional_play=''  data-ids='295'  data-video_counter='0'  data-autoplay='false'  data-bg_slider='false'  data-slide_height=''  data-handle='av_slideshow_full'  data-interval='5'  data-class=' '  data-el_id=''  data-css_id=''  data-scroll_down=''  data-control_layout='av-control-default'  data-custom_markup=''  data-perma_caption=''  data-autoplay_stopper=''  data-image_attachment=''  data-min_height='0px'  data-src=''  data-position='top left'  data-repeat='no-repeat'  data-attach='scroll'  data-stretch=''  data-default-height='42'  class='avia-slideshow avia-slideshow-1  av-control-default av-default-height-applied avia-slideshow-featured_large av_slideshow_full   avia-slide-slider '  itemprop=\"image\" itemscope=\"itemscope\" itemtype=\"https:\/\/schema.org\/ImageObject\" ><ul class='avia-slideshow-inner ' style='padding-bottom: 42%;' ><li  class=' av-single-slide slide-1 ' ><div data-rel='slideshow-1' class='avia-slide-wrap '   ><div class = \"caption_fullwidth av-slideshow-caption caption_center caption_center_framed caption_framed\"><div class = \"container caption_container\"><div class = \"slideshow_caption\"><div class = \"slideshow_inner_caption\"><div class = \"slideshow_align_caption\"><h1  style='font-size:120px; color:#ffffff; ' class='avia-caption-title   av-medium-font-size-overwrite av-medium-font-size-50 av-small-font-size-overwrite av-small-font-size-40 av-mini-font-size-overwrite av-mini-font-size-35'  itemprop=\"name\" >La birreria, e tanto altro...<\/h1><\/div><\/div><\/div><\/div><\/div><img src='https:\/\/birrificiobirdo.com\/wp-content\/uploads\/2021\/06\/birra-stout-artigianale-a-padova-1500x630.jpeg' width='1500' height='630' title='birra stout artigianale a padova' alt=''  itemprop=\"thumbnailUrl\"   \/><div class='av-section-color-overlay' style='opacity: 0.3; background-color: #47595e; '><\/div><\/div><\/li><\/ul><\/div><\/div>\n<div id='av_section_1'  class='avia-section main_color avia-section-default avia-no-border-styling avia-bg-style-scroll  avia-builder-el-1  el_after_av_slideshow_full  el_before_av_layout_row   container_wrap sidebar_right' style=' '  ><div class='container' ><div class='template-page content  av-content-small alpha units'><div class='post-entry post-entry-type-page post-entry-288'><div class='entry-content-wrapper clearfix'>\n<div  style='padding-bottom:0px; font-size:40px;' class='av-special-heading av-special-heading-h3  blockquote modern-quote  avia-builder-el-2  el_before_av_hr  avia-builder-el-first  av-inherit-size '><h3 class='av-special-heading-tag '  itemprop=\"headline\"  >La birreria di Teolo<\/h3><div class='special-heading-border'><div class='special-heading-inner-border' ><\/div><\/div><\/div>\n<div  style=' margin-top:0px; margin-bottom:10px;'  class='hr hr-custom hr-left hr-icon-no   avia-builder-el-3  el_after_av_heading  el_before_av_textblock '><span class='hr-inner   inner-border-av-border-fat' style=' width:100px; border-color:#edcd4c;' ><span class='hr-inner-style'><\/span><\/span><\/div>\n<section class=\"av_textblock_section \"  itemscope=\"itemscope\" itemtype=\"https:\/\/schema.org\/CreativeWork\" ><div class='avia_textblock  '  style='font-size:20px; '  itemprop=\"text\" ><p>Si fa presto a dire birreria, ma cosa significa davvero?<strong> Per noi di Birrificio Bird\u00f2 la birreria \u00e8 il luogo in cui <\/strong><span style=\"font-weight: 400;\"><strong>si chiacchiera<\/strong>, si ride, ci si incontra, ci si rilassa, si scherza, si discute, ci si conosce. <strong>E poi si torna<\/strong>. Perch\u00e9 la birreria per noi, \u00e8 quella parentesi nelle tue giornate <strong>dove tutto \u00e8 semplice<\/strong> ma frizzantino, leggero ma ricco di sapore, come <strong>una bionda artigianale speziata. <\/strong><\/span><\/p>\n<\/div><\/section>\n\n<\/div><\/div><\/div><!-- close content main div --><\/div><\/div><div id='av-layout-grid-1'  class='av-layout-grid-container entry-content-wrapper main_color av-flex-cells av-break-at-tablet    avia-builder-el-5  el_after_av_section  el_before_av_layout_row  submenu-not-first container_wrap sidebar_right' style=' '  >\n<div class=\"flex_cell no_margin av_one_fifth  avia-builder-el-6  el_before_av_cell_two_fifth  avia-builder-el-first   av-hide-on-mobile  \" style='vertical-align:top; padding:30px; '><div class='flex_cell_inner' ><\/div><\/div><div class=\"flex_cell no_margin av_two_fifth  avia-builder-el-7  el_after_av_cell_one_fifth  el_before_av_cell_two_fifth   \" style='vertical-align:middle; padding:30px; '><div class='flex_cell_inner' ><div class='flex_column_table av-equal-height-column-flextable -flextable' ><div class=\"flex_column av_four_fifth  flex_column_table_cell av-equal-height-column av-align-middle av-zero-column-padding first  avia-builder-el-8  avia-builder-el-no-sibling  \" style='border-radius:0px; '><div  class='avia-image-container  av-styling-    avia-builder-el-9  avia-builder-el-no-sibling  avia-align-center '  itemprop=\"image\" itemscope=\"itemscope\" itemtype=\"https:\/\/schema.org\/ImageObject\"  ><div class='avia-image-container-inner'><div class='avia-image-overlay-wrap'><img class='avia_image' src='https:\/\/birrificiobirdo.com\/wp-content\/uploads\/2021\/06\/degustazione-birra-bianca-artigianale-1-scaled.jpeg' alt='' title='degustazione birra bianca artigianale' height=\"2560\" width=\"2048\"  itemprop=\"thumbnailUrl\"  \/><\/div><\/div><\/div><\/div><\/div><!--close column table wrapper. Autoclose: 1 -->\n<\/div><\/div><div class=\"flex_cell no_margin av_two_fifth  avia-builder-el-10  el_after_av_cell_two_fifth  avia-builder-el-last   \" style='vertical-align:middle; padding:30px; '><div class='flex_cell_inner' ><p><div class='flex_column_table av-equal-height-column-flextable -flextable' ><div class=\"flex_column av_two_third  avia-full-contain flex_column_table_cell av-equal-height-column av-align-middle first  avia-builder-el-11  el_before_av_four_fifth  avia-builder-el-first  \" style='background:url(https:\/\/birrificiobirdo.com\/wp-content\/uploads\/2021\/05\/sfonfo-titoli.png) center left no-repeat ; padding:30px 0px 30px 15px ; border-radius:0px; '><div  style='padding-bottom:0px; color:#47595e;font-size:35px;' class='av-special-heading av-special-heading-h3 custom-color-heading blockquote modern-quote  avia-builder-el-12  avia-builder-el-no-sibling  av-inherit-size '><h3 class='av-special-heading-tag '  itemprop=\"headline\"  >Il locale<\/h3><div class='special-heading-border'><div class='special-heading-inner-border' style='border-color:#47595e'><\/div><\/div><\/div><\/div><\/div><!--close column table wrapper. Autoclose: 1 --><div class=\"flex_column av_four_fifth  flex_column_div av-zero-column-padding first  avia-builder-el-13  el_after_av_two_third  avia-builder-el-last  column-top-margin\" style='border-radius:0px; '><section class=\"av_textblock_section \"  itemscope=\"itemscope\" itemtype=\"https:\/\/schema.org\/CreativeWork\" ><div class='avia_textblock  '  style='font-size:18px; '  itemprop=\"text\" ><p>Facile da trovare, accogliente, comoda da sfruttare, indipendente e pronta all&#8217;uso: <strong>l&#8217;angolo in cui bere le nostre birre alla spina<\/strong>, direttamente alla fonte.<br \/>\n<strong>Il lato sociale della birra.<\/strong><br \/>\n<strong>Il filo diretto produttore-consumatore.<\/strong><br \/>\nIl punto di contatto con la fabbrica.<br \/>\nIn birreria si chiacchiera, si ride, si incontra, si rilassa, si scherza, si discute, si domanda.<br \/>\nE si mangia &#038; si beve!<br \/>\nSempre responsabilmente.<\/p>\n<\/div><\/section><\/div><\/p>\n<\/div><\/div>\n<\/div>\n<div id='av-layout-grid-2'  class='av-layout-grid-container entry-content-wrapper main_color av-flex-cells     avia-builder-el-15  el_after_av_layout_row  el_before_av_layout_row  submenu-not-first container_wrap sidebar_right' style=' '  >\n<div class=\"flex_cell no_margin av_one_fifth  avia-builder-el-16  el_before_av_cell_two_fifth  avia-builder-el-first   av-hide-on-mobile  \" style='vertical-align:top; padding:30px; '><div class='flex_cell_inner' ><\/div><\/div><div class=\"flex_cell no_margin av_two_fifth  avia-builder-el-17  el_after_av_cell_one_fifth  el_before_av_cell_two_fifth   \" style='vertical-align:middle; padding:30px; '><div class='flex_cell_inner' ><div class='flex_column_table av-equal-height-column-flextable -flextable' ><div class=\"flex_column av_four_fifth  flex_column_table_cell av-equal-height-column av-align-middle av-zero-column-padding first  avia-builder-el-18  avia-builder-el-no-sibling  \" style='border-radius:0px; '><div  class='avia-image-container  av-styling-    avia-builder-el-19  avia-builder-el-no-sibling  avia-align-center '  itemprop=\"image\" itemscope=\"itemscope\" itemtype=\"https:\/\/schema.org\/ImageObject\"  ><div class='avia-image-container-inner'><div class='avia-image-overlay-wrap'><img class='avia_image' src='https:\/\/birrificiobirdo.com\/wp-content\/uploads\/2021\/06\/beer-garden-a-teolo-1030x579.jpeg' alt='' title='beer garden a teolo' height=\"579\" width=\"1030\"  itemprop=\"thumbnailUrl\"  \/><\/div><\/div><\/div><\/div><\/div><!--close column table wrapper. Autoclose: 1 -->\n<\/div><\/div><div class=\"flex_cell no_margin av_two_fifth  avia-builder-el-20  el_after_av_cell_two_fifth  avia-builder-el-last   \" style='vertical-align:middle; padding:30px; '><div class='flex_cell_inner' ><p><div class='flex_column_table av-equal-height-column-flextable -flextable' ><div class=\"flex_column av_two_third  avia-full-contain flex_column_table_cell av-equal-height-column av-align-middle first  avia-builder-el-21  el_before_av_four_fifth  avia-builder-el-first  \" style='background:url(https:\/\/birrificiobirdo.com\/wp-content\/uploads\/2021\/05\/sfonfo-titoli.png) center left no-repeat ; padding:30px 0px 30px 15px ; border-radius:0px; '><div  style='padding-bottom:0px; color:#47595e;font-size:35px;' class='av-special-heading av-special-heading-h3 custom-color-heading blockquote modern-quote  avia-builder-el-22  avia-builder-el-no-sibling  av-inherit-size '><h3 class='av-special-heading-tag '  itemprop=\"headline\"  >Il Beer Garden<\/h3><div class='special-heading-border'><div class='special-heading-inner-border' style='border-color:#47595e'><\/div><\/div><\/div><\/div><\/div><!--close column table wrapper. Autoclose: 1 --><div class=\"flex_column av_four_fifth  flex_column_div av-zero-column-padding first  avia-builder-el-23  el_after_av_two_third  avia-builder-el-last  column-top-margin\" style='border-radius:0px; '><section class=\"av_textblock_section \"  itemscope=\"itemscope\" itemtype=\"https:\/\/schema.org\/CreativeWork\" ><div class='avia_textblock  '  style='font-size:18px; '  itemprop=\"text\" ><p>La novit\u00e0 del 2021, che aggiunge lo spazio esterno alla birreria.<\/p>\n<p>File di luci a contrastare le stelle, <strong>tavoli per ogni taglia<\/strong>, un ombrellone contro il sole a picco o per riparare dal brivido notturno. Il garden \u00e8 pronto dalle prime uscite con i sandali ai piedi, fino alla sottile luce di autunno.<\/p>\n<p>Tempus fugit e non approfittarne \u00e8 peccato che si sconta nel purgatorio dell&#8217;inverno fino alla rinascita di Proserpina.<\/p>\n<p>Angolo chiuso e al riparo dal traffico, parcheggio per biciclette disponibile.<\/p>\n<\/div><\/section><\/div><\/p>\n<\/div><\/div>\n<\/div>\n<div id='av-layout-grid-3'  class='av-layout-grid-container entry-content-wrapper main_color av-flex-cells     avia-builder-el-25  el_after_av_layout_row  avia-builder-el-last  submenu-not-first container_wrap sidebar_right' style=' '  >\n<div class=\"flex_cell no_margin av_one_fifth  avia-builder-el-26  el_before_av_cell_two_fifth  avia-builder-el-first   \" style='vertical-align:middle; padding:30px; '><div class='flex_cell_inner' ><\/div><\/div><div class=\"flex_cell no_margin av_two_fifth  avia-builder-el-27  el_after_av_cell_one_fifth  el_before_av_cell_two_fifth   \" style='vertical-align:middle; padding:30px; '><div class='flex_cell_inner' ><div class='flex_column_table av-equal-height-column-flextable -flextable' ><div class=\"flex_column av_four_fifth  flex_column_table_cell av-equal-height-column av-align-middle av-zero-column-padding first  avia-builder-el-28  avia-builder-el-no-sibling  \" style='border-radius:0px; '><div  class='avia-image-container  av-styling-    avia-builder-el-29  avia-builder-el-no-sibling  avia-align-center '  itemprop=\"image\" itemscope=\"itemscope\" itemtype=\"https:\/\/schema.org\/ImageObject\"  ><div class='avia-image-container-inner'><div class='avia-image-overlay-wrap'><img class='avia_image' src='https:\/\/birrificiobirdo.com\/wp-content\/uploads\/2021\/06\/lo-shop-scaled.jpeg' alt='' title='lo shop' height=\"1441\" width=\"2560\"  itemprop=\"thumbnailUrl\"  \/><\/div><\/div><\/div><\/div><\/div><!--close column table wrapper. Autoclose: 1 -->\n<\/div><\/div><div class=\"flex_cell no_margin av_two_fifth  avia-builder-el-30  el_after_av_cell_two_fifth  avia-builder-el-last   \" style='vertical-align:top; padding:30px; '><div class='flex_cell_inner' ><p><div class='flex_column_table av-equal-height-column-flextable -flextable' ><div class=\"flex_column av_two_third  avia-full-contain flex_column_table_cell av-equal-height-column av-align-middle first  avia-builder-el-31  el_before_av_four_fifth  avia-builder-el-first  \" style='background:url(https:\/\/birrificiobirdo.com\/wp-content\/uploads\/2021\/05\/sfonfo-titoli.png) center left no-repeat ; padding:30px 0px 30px 15px ; border-radius:0px; '><div  style='padding-bottom:0px; color:#47595e;font-size:35px;' class='av-special-heading av-special-heading-h3 custom-color-heading blockquote modern-quote  avia-builder-el-32  avia-builder-el-no-sibling  av-inherit-size '><h3 class='av-special-heading-tag '  itemprop=\"headline\"  >Lo Shop<\/h3><div class='special-heading-border'><div class='special-heading-inner-border' style='border-color:#47595e'><\/div><\/div><\/div><\/div><\/div><!--close column table wrapper. Autoclose: 1 --><div class=\"flex_column av_four_fifth  flex_column_div av-zero-column-padding first  avia-builder-el-33  el_after_av_two_third  avia-builder-el-last  column-top-margin\" style='border-radius:0px; '><section class=\"av_textblock_section \"  itemscope=\"itemscope\" itemtype=\"https:\/\/schema.org\/CreativeWork\" ><div class='avia_textblock  '  style='font-size:18px; '  itemprop=\"text\" ><p>Abbiamo dedicato <strong>un angolo della birreria alla vendita al minuto.\u00a0<\/strong><br \/>\nPotrai acquistare <strong>botti, bottiglie e fusti<\/strong>, a misura del tuo bagagliaio, del tuo zaino, della tua sete. Anche in <strong>confezioni giuste per regali,<\/strong> per farti ricordare.<\/p>\n<p>Non solo birra: ci sono prodotti <strong>correlati, altre creazioni artigianali.<\/strong><\/p>\n<p>E poi le indicazioni ludiche e turistiche: <strong>Bird\u00f2 \u00e8 Info Point ufficiale dei Colli Euganei,<\/strong> una collaborazione che ci unisce al nostro territorio in modo semplice, curioso e spontaneo.<\/p>\n<p>Prima di salire per i Colli oppure al termine delle tue arrampicate o cammini, fermati da noi.<br \/>\nCi piacciono le storie da raccontare e le storie raccontate.<\/p>\n<\/div><\/section><\/div><\/p>\n<\/div><\/div>\n<\/div>\n","protected":false},"excerpt":{"rendered":"","protected":false},"author":1,"featured_media":0,"parent":0,"menu_order":0,"comment_status":"closed","ping_status":"closed","template":"","meta":{"footnotes":""},"class_list":["post-288","page","type-page","status-publish","hentry"],"_links":{"self":[{"href":"https:\/\/birrificiobirdo.com\/index.php\/wp-json\/wp\/v2\/pages\/288","targetHints":{"allow":["GET"]}}],"collection":[{"href":"https:\/\/birrificiobirdo.com\/index.php\/wp-json\/wp\/v2\/pages"}],"about":[{"href":"https:\/\/birrificiobirdo.com\/index.php\/wp-json\/wp\/v2\/types\/page"}],"author":[{"embeddable":true,"href":"https:\/\/birrificiobirdo.com\/index.php\/wp-json\/wp\/v2\/users\/1"}],"replies":[{"embeddable":true,"href":"https:\/\/birrificiobirdo.com\/index.php\/wp-json\/wp\/v2\/comments?post=288"}],"version-history":[{"count":53,"href":"https:\/\/birrificiobirdo.com\/index.php\/wp-json\/wp\/v2\/pages\/288\/revisions"}],"predecessor-version":[{"id":657,"href":"https:\/\/birrificiobirdo.com\/index.php\/wp-json\/wp\/v2\/pages\/288\/revisions\/657"}],"wp:attachment":[{"href":"https:\/\/birrificiobirdo.com\/index.php\/wp-json\/wp\/v2\/media?parent=288"}],"curies":[{"name":"wp","href":"https:\/\/api.w.org\/{rel}","templated":true}]}}